e the remainder when 2692961 is divided by 7124.
89
Calculate the remainder when 29369 is divided by 255.
44
What is the remainder when 39171152 is divided by 523?
21
Calculate the remainder when 1419543 is divided by 32.
23
What is the remainder when 5731952 is divided by 534?
530
What is the remainder when 7823821 is divided by 3241?
47
What is the remainder when 8858 is divided by 2676?
830
What is the remainder when 66933 is divided by 336?
69
Calculate the remainder when 7045253 is divided by 1761311.
9
What is the remainder when 240606174 is divided by 229?
225
What is the remainder when 467480 is divided by 116806?
256
Calculate the remainder when 2302963 is divided by 353.
344
Calculate the remainder when 139836 is divided by 139649.
187
What is the remainder when 6831896 is divided by 60?
56
Calculate the remainder when 245103 is divided by 1297.
1267
Calculate the remainder when 164217 is divided by 712.
457
Calculate the remainder when 632096 is divided by 315913.
270
What is the remainder when 5487231 is divided by 326?
325
Calculate the remainder when 8182532 is divided by 4091253.
26
Calculate the remainder when 76595616 is divided by 122.
112
What is the remainder when 20092618 is divided by 36532?
18
Calculate the remainder when 504209 is divided by 168003.
200
Calculate the remainder when 2650546 is divided by 2443.
2334
Calculate the remainder when 12113097 is divided by 247206.
3
Calculate the remainder when 201540 is divided by 91.
66
What is the remainder when 30118932 is divided by 87555?
12
Calculate the remainder when 4063081 is divided by 61.
54
Calculate the remainder when 1715703 is divided by 51991.
0
What is the remainder when 299163128 is divided by 74790779?
12
What is the remainder when 10453 is divided by 2743?
2224
Calculate the remainder when 254810399 is divided by 32.
31
What is the remainder when 267436 is divided by 5828?
5176
Calculate the remainder when 24641 is divided by 23825.
816
Calculate the remainder when 8803043 is divided by 86.
83
Calculate the remainder when 1541437 is divided by 237.
226
What is the remainder when 30993 is divided by 5?
3
Calculate the remainder when 1679500 is divided by 3871.
3357
Calculate the remainder when 126278948 is divided by 35.
33
What is the remainder when 1484668 is divided by 461?
248
What is the remainder when 31880 is divided by 7751?
876
What is the remainder when 2047862 is divided by 10?
2
What is the remainder when 2711524 is divided by 407?
90
Calculate the remainder when 6339665 is divided by 183.
179
Calculate the remainder when 2369904 is divided by 264.
240
Calculate the remainder when 23894755 is divided by 11947369.
17
What is the remainder when 1010406 is divided by 47?
0
What is the remainder when 3888885 is divided by 691?
628
What is the remainder when 119744 is divided by 4305?
3509
Calculate the remainder when 939207849 is divided by 108.
105
What is the remainder when 13674724 is divided by 234?
232
Calculate the remainder when 7009129 is divided by 1122.
1117
Calculate the remainder when 146791 is divided by 162.
19
Calculate the remainder when 8189534 is divided by 8892.
2
Calculate the remainder when 186403137 is divided by 495753.
9
What is the remainder when 903225 is divided by 1914?
1731
Calculate the remainder when 234530 is divided by 6696.
170
What is the remainder when 1759830 is divided by 37?
36
What is the remainder when 78509023 is divided by 23?
18
What is the remainder when 1077292 is divided by 1092?
580
Calculate the remainder when 207359246 is divided by 4588.
4586
Calculate the remainder when 204841 is divided by 203770.
1071
What is the remainder when 1610141 is divided by 105?
71
Calculate the remainder when 12441696 is divided by 1312.
0
Calculate the remainder when 41673 is divided by 20103.
1467
Calculate the remainder when 665963 is divided by 166483.
31
Calculate the remainder when 3872038 is divided by 3572.
3562
Calculate the remainder when 111716 is divided by 36023.
3647
Calculate the remainder when 608170 is divided by 462.
178
What is the remainder when 5476781 is divided by 299?
297
What is the remainder when 5498936 is divided by 4313?
4174
Calculate the remainder when 279708 is divided by 8007.
7470
Calculate the remainder when 738050 is divided by 368989.
72
Calculate the remainder when 44562 is divided by 14.
0
Calculate the remainder when 196853 is divided by 5177.
127
Calculate the remainder when 2253158 is divided by 3373.
3367
What is the remainder when 992544 is divided by 3197?
1474
Calculate the remainder when 2022273 is divided by 88.
33
Calculate the remainder when 831621 is divided by 4037.
4036
What is the remainder when 190209 is divided by 2114?
2063
Calculate the remainder when 2110427 is divided by 2121.
32
What is the remainder when 271385 is divided by 227?
120
Calculate the remainder when 1579934 is divided by 789966.
2
What is the remainder when 65653 is divided by 11840?
6453
Calculate the remainder when 1104429 is divided by 42.
39
What is the remainder when 159262 is divided by 79537?
188
What is the remainder when 7362372 is divided by 7?
3
What is the remainder when 485429 is divided by 761?
672
Calculate the remainder when 3863820 is divided by 1287930.
30
Calculate the remainder when 649326 is divided by 162.
30
Calculate the remainder when 39166 is divided by 166.
156
Calculate the remainder when 12225093 is divided by 2194.
125
Calculate the remainder when 2326320 is divided by 21.
3
What is the remainder when 4723631 is divided by 66?
11
What is the remainder when 15660 is divided by 15294?
366
What is the remainder when 15525 is divided by 395?
120
What is the remainder when 9703 is divided by 1394?
1339
Calculate the remainder when 238561 is divided by 498.
19
Calculate the remainder when 2149029 is divided by 2296.
2269
Calculate the remainder when 133667 is divided by 4302.
305
Calculate the remainder when 39924 is divided by 5627.
535
What is the remainder when 497723 is divided by 2158?
1383
What is the remainder when 514621 is divided by 43?
40
Calculate the remainder when 1033065 is divided by 1677.
33
What is the remainder when 264374031 is divided by 11?
9
Calculate the remainder when 284651 is divided by 230.
141
Calculate the remainder when 89901249 is divided by 756.
753
Calculate the remainder when 4994462 is divided by 2496560.
1342
Calculate the remainder when 2824706 is divided by 1340.
1326
Calculate the remainder when 2324077 is divided by 122.
99
Calculate the remainder when 199012 is divided by 2826.
1192
What is the remainder when 10075189 is divided by 111944?
229
Calculate the remainder when 5657343 is divided by 131.
108
Calculate the remainder when 1666511 is divided by 632.
559
Calculate the remainder when 24509 is divided by 8136.
101
Calculate the remainder when 816553 is divided by 5529.
3790
What is the remainder when 761894 is divided by 252?
98
What is the remainder when 53220680 is divided by 8555?
25
Calculate the remainder when 102381 is divided by 16795.
1611
What is the remainder when 140599 is divided by 1479?
94
What is the remainder when 7049577 is divided by 3524783?
11
What is the remainder when 2691188 is divided by 996?
992
What is the remainder when 19979749 is divided by 22?
9
What is the remainder when 213284 is divided by 213216?
68
What is the remainder when 145662870 is divided by 3?
0
What is the remainder when 483932 is divided by 34566?
8
Calculate the remainder when 18287548 is divided by 9143750.
48
What is the remainder when 15673 is divided by 8966?
6707
What is the remainder when 11517 is divided by 366?
171
What is the remainder when 21109868 is divided by 230?
8
Calculate the remainder when 134783 is divided by 44554.
1121
What is the remainder when 66493817 is divided by 13298759?
22
Calculate the remainder when 9846551 is divided by 62.
21
Calculate the remainder when 6396246 is divided by 5928.
5862
Calculate the remainder when 378557 is divided by 11038.
3265
Calculate the remainder when 4136175 is divided by 1192.
1127
Calculate the remainder when 494533 is divided by 6340.
13
Calculate the remainder when 20662929 is divided by 16.
1
Calculate the remainder when 51238 is divided by 3868.
954
Calculate the